. Let u(l) = -l**2 + 22*l - 52. Calculate the remainder when 211 is divided by u(n).
52
Let m = -73 - -178. What is the remainder when 287 is divided by (-5)/(m/(-1212)) + 10/35?
55
Suppose 4*n = 16, 33 = -3*u + 8*n + 115. Calculate the remainder when 908 is divided by u.
34
Let n = -10 - -12. Let j(h) = h**2 + 6*h - 27. Calculate the remainder when j(6) is divided by (n - 1)/((-4)/(-100)).
20
Let m(n) = -8*n + 45. Let z be m(5). Suppose f + z*q = 24, 0 = -f + q + 11 + 37. What is the remainder when 437 is divided by f?
41
What is the remainder when (-207)/((759/3082)/(-11)) is divided by 16?
14
Let c(r) = -22*r + 15. What is the remainder when c(-1) is divided by 34?
3
What is the remainder when 492*(14 + 106/(-8)) is divided by 19?
8
Let a = -317 + 325. Suppose -a*i + 41 = -79. What is the remainder when 29 is divided by i?
14
Suppose -63*i = -19*i - 8888. Suppose 0 = -13*a + i + 58. What is the remainder when 26 is divided by a?
6
Let d be 3/15 + 552/115. Suppose -3*u = 2*v - d*v + 6, -2*v - 3*u + 4 = 0. What is the remainder when v is divided by 1?
0
Let y = 20000 + -19661. Calculate the remainder when 736 is divided by y.
58
Suppose 0*i + 3*i - 483 = 0. Suppose -2*d - v = -56, -4*d + 5*v + 70 = -56. Suppose 3*f - d = 52. What is the remainder when i is divided by f?
26
Calculate the remainder when 323 is divided by -15*((-84)/18 + 3).
23
Suppose -33*d + 756 = 21*d. Suppose -40 = 7*i - 2*i. What is the remainder when (-6)/(-8) + (-298)/i is divided by d?
10
Suppose z - 5*z + 48 = 0. Let i(x) = -8*x + 110. Calculate the remainder when 194 is divided by i(z).
12
Suppose -13*o + 386 = -56. Suppose -3*i = -4*k - 50, -32*k + o*k = -i. What is the remainder when 39 is divided by i?
9
Suppose 0*y = -2*y + 64. Let a = y - 20. Let l = 56802 + -56743. Calculate the remainder when l is divided by a.
11
Suppose 55*b = 53*b + 44. Let s = -157 + 93. Let m = 105 + s. What is the remainder when m is divided by b?
19
Suppose 8 = 18*v - 46. Let b(k) = k**2 - 4*k + 12. Calculate the remainder when b(v) is divided by 2.
1
Let f(m) = -145*m + 23. Let s be f(4). Let q = s - -622. What is the remainder when 137 is divided by q?
7
Let s(u) = -u**2 + 86. Let m = -269 - -269. Calculate the remainder when s(m) is divided by 44.
42
Let v(u) = -6*u**2 + 27*u - 6. Let m be v(4). Suppose m*q + f - 56 = 3*q, 4 = -f. Calculate the remainder when q is divided by 13.
7
Suppose 303 = -12438*c + 12441*c. Calculate the remainder when 384 is divided by c.
81
Let b(r) = -6*r + 2. Let q be 6/((-72)/52)*-33. Suppose -f + q = 24. What is the remainder when f is divided by b(-3)?
19
Let v(o) = -41*o + 4746. What is the remainder when v(-21) is divided by 165?
162
Let d = -37 - -51. Let v = d - 11. Suppose 4*h - 75 = -v*b - 12, 21 = b - 5*h. Calculate the remainder when 83 is divided by b.
20
Suppose -40*o + 891 = 41*o. Suppose -5*k = 3*l - 72, -2*k - 97 + 4 = -3*l. Calculate the remainder when l is divided by o.
7
Suppose -4*f + 2*p + 582 = -0*f, 4*p + 282 = 2*f. Let w = -142 + f. Calculate the remainder when 44 is divided by w.
4
Suppose 539 - 104 = 5*x. Let r = -230 + 391. What is the remainder when r is divided by x?
74
Suppose 2808*h = 2801*h + 231. Calculate the remainder when 890 is divided by h.
32
Let n = -94 - -99. Suppose 3*q = 5*u - 84, -n*u + 41 = -2*q - 40. Let y = -82 + 87. Calculate the remainder when u is divided by y.
0
Let p(u) = 77 + 39*u + 64 - 77*u + 50*u. Calculate the remainder when p(0) is divided by 16.
13
Suppose -4226 - 134 = -4*d. Let g = d + -626. What is the remainder when g is divided by 118?
110
Suppose 7*s + 198 = 9*s. Suppose 4*q - 14 = 2*m + 118, -s = -3*q - 5*m. Suppose -4*k - q = -w, -2 = -3*k - 17. What is the remainder when 33 is divided by w?
7
Let n be 3*(-30)/9 + 0. Let q = -8 - n. Suppose -2*c + s = -5, -5*c - q*s - 3 = -20. What is the remainder when 15 is divided by c?
0
Suppose -5369*r - 16 = -5373*r. Suppose -2*l + 6 = 2*z, -2 - 1 = -3*l + 3*z. Calculate the remainder when (-4)/((-32)/60)*l is divided by r.
3
Let p(s) = 2*s + 14. Let i be p(-12). Let g be (4 + i)*(-30)/(-9). Calculate the remainder when 40 is divided by 3*(47/12 - (-5)/g).
7
Let t(r) = -r**3 + 38*r**2 - 33*r - 150. Let m be t(37). What is the remainder when 240 is divided by m/(-3) - 248/(-24)?
9
Let i(c) = -28*c + 256. Let s be i(9). Suppose 4*m = s*a + 532, 15*m + 113 = 16*m + 4*a. What is the remainder when m is divided by 33?
30
Let t = -32151 - -43898. Calculate the remainder when t is divided by 89.
88
Suppose -x + 22 = 2*r, 9 = r + 3*x - 2. Suppose r*w + 855 + 113 = 0. What is the remainder when 21 is divided by -20*52/w - (-2)/11?
9
Let i(r) = -r**2 - 5*r - 3. Let n be i(-3). Let m(q) = 17*q + 1. Suppose 0 = 190*c - 700*c - 484*c + 26838. What is the remainder when m(n) is divided by c?
25
Suppose -3*h + 33 = -21. Let s = -83 + 85. Suppose 5*a - 3*b = 249 + 84, s*b = a - 61. Calculate the remainder when a is divided by h.
15
What is the remainder when 494 is divided by 831 - 708 - (-1)/1?
122
Suppose 14*s - 675 - 525 = -6*s. What is the remainder when 1919 is divided by s?
59
Suppose 86*r - 4222 = -438. What is the remainder when 108 is divided by r?
20
Suppose 0 = -4*d - 4*m + 688, d - 170 = 4*m + 2. What is the remainder when d is divided by 74?
24
Suppose 119*g + 1076 = 876 + 3294. Suppose -h - p + 4*p + 21 = 0, 0 = -4*h + 2*p + 34. What is the remainder when ((-2)/(-1))/(h/615) is divided by g?
23
Suppose -3*h - 6 = 0, 23*h - 80 = -4*z + 21*h. Calculate the remainder when z is divided by (1/(-1)*-9)/1.
3
Let w = -358 + 379. Let p(v) = -v**3 - 11*v**2 - 6*v - 13. Calculate the remainder when p(-11) is divided by w.
11
Suppose 15 = 5*f + 3*m, 0 = -3*f + m - 8 + 3. Suppose 4*y - 8*y = f. What is the remainder when 27 is divided by (0 + y + 1/3)*21?
6
Suppose -2*x - 8*x = -1560. Calculate the remainder when 128 is divided by ((-67)/(-2))/(78/x).
61
Calculate the remainder when ((-26)/455*-56)/(((-27)/(-420))/9) is divided by 110.
8
Let s = 76 - 58. Let j be (0 + 3)*3*4/s. Calculate the remainder when 98 is divided by (1/2)/(3*j/240).
18
Suppose -4*j = -3*o + j + 189, 139 = 2*o + j. What is the remainder when 267 is divided by o?
63
Let l = 2636 - 1577. What is the remainder when l is divided by 133?
128
Suppose 0 = 32*c - 940 + 300. Calculate the remainder when 1519 is divided by c.
19
Let t = -175 - -442. Let o = t + -243. Calculate the remainder when 91 is divided by o.
19
Suppose -7*u - 168 = -0*u. Let d = -16 - u. Suppose d*z = 382 + 450. What is the remainder when z is divided by 22?
16
Let g = 3206 - 3177. Calculate the remainder when g is divided by 0 + -1 + -1 + 7.
4
What is the remainder when (-25 + -2)/(14 - 15) is divided by 9?
0
Let v(y) = -2*y**3 - 11*y**2 - 6*y - 3. Let i be v(-5). Suppose i*q + q = 3*x - 591, 2*x - q = 390. Calculate the remainder when x is divided by 65.
63
Suppose 37 = 5*f - 28. Calculate the remainder when 22 - (7/(-7) - 6) is divided by f.
3
Let l = -331 - -217. Let t = l - -125. What is the remainder when 47 is divided by t?
3
Let p be (-150)/36 + 4 - (-3)/18. Suppose 163 = 5*w + b, p = 4*w - 5*b - 105 - 37. Calculate the remainder when 146 is divided by w.
14
Suppose -13*h + 44 = 3 - 89. Calculate the remainder when 1727 is divided by h.
7
What is the remainder when 1149 is divided by 12/(9 + -7 + (2 - 3))?
9
Suppose 43*v - 8 = 39*v. Calculate the remainder when 2 + 0 + (80 - -1) is divided by 3 - 15/v*(-72)/30.
20
Suppose -64 = -7*i - 36. Suppose 126 = 18*z - 15*z + 3*a, i*z = a + 168. Calculate the remainder when 286 is divided by z.
34
Suppose -4 = p + 11*y - 8*y, 28 = 3*p - y. Suppose 6 = -5*l + p*l, 4*l = 4*q - 420. Let v = -95 + q. Calculate the remainder when 23 is divided by v.
11
Let w(o) = 23*o + 2. Let k be w(6). Suppose 2*n + 16 - k = 3*q, 47 = -q - 5*n. What is the remainder when 28/q + 119/3 is divided by 14?
11
Let n = -17218 + 17265. Calculate the remainder when 5066 is divided by n.
37
Let h be ((1 + -1)/((-4)/4))/(-2). Let w be (0/2)/(-2 - (-8)/2). Suppose w = 5*t - 3*y - 166, -4*y + h*y = -12. Calculate the remainder when t is divided by 12.
11
Suppose 3*k - 220 = 2*i, 3*k - 12*i + 13*i = 232. What is the remainder when k is divided by (-2)/15 + 788/60?
11
Let y = -1257 + 2150. Let m = -879 + y. Calcu